= -i*g - 45, 0*g - 4*l = -2*g - 24. Let p(h) = h**3 + 6*h**2 - h - 1. List the prime factors of p(g).
5
Let l(v) = -v**3 + 10*v**2 - 7*v - 15. Let b be l(9). Suppose b*j + 315 = 10*j. List the prime factors of j.
3, 5
Let q(x) = x**2 + 3*x + 7. Let t be q(-3). Suppose -d = -15 + t. List the prime factors of d.
2
Suppose -51 = -2*n + 63. Let z = 53 + -44. Let v = n - z. List the prime factors of v.
2, 3
Let p be (-1 + (-20)/(-15))*(-1 - -34). Suppose -p*c = 438 - 1923. List the prime factors of c.
3, 5
Suppose 5 + 1 = 3*n. Suppose g + g - 2*f = 0, 0 = -g - n*f. Suppose g = y + y - 22. What are the prime factors of y?
11
Suppose -68*k + 75*k - 3955 = 0. List the prime factors of k.
5, 113
Let f = -31 - 4. Let g = 32 + f. What are the prime factors of -3 + (65 + g - 4)?
5, 11
Suppose -7*o + 6354 - 1559 = 0. What are the prime factors of o?
5, 137
Suppose -u + h + 274 = -2*h, -4*h = -3*u + 817. List the prime factors of u.
271
What are the prime factors of 2191 + 25/(275/(-132))?
2179
Let n = 1964 + 1210. What are the prime factors of n?
2, 3, 23
Suppose 0 = d - 2 - 1. Suppose 2*i + 3 = d*i. What are the prime factors of (5/i)/(1/3)?
5
Suppose 4*z - 21 = n, -4*z = z - 3*n - 35. Suppose -3*y + 2*l - 8 = 0, 8 = -z*y - 3*l - 14. List the prime factors of (y/14)/(15/(-420)).
2
Let l be 1/(25/(-10) - -3). Suppose -3*n - 5*q = -445 + 21, 0 = -l*n + 3*q + 289. List the prime factors of n.
11, 13
Suppose 14 = -2*t - o, 15 + 13 = -4*t - o. Let x = 68 + t. List the prime factors of x.
61
Suppose m - 5*m = -804. Let c = 314 - m. What are the prime factors of c?
113
Let g(o) = o**2 + 3*o**2 + 3*o - 3*o**2 - 3. Let y = -89 + 84. What are the prime factors of g(y)?
7
Let r be 1*(-2 - (3 + -2)). Let w be 2 - (-2)/(-1)*r. What are the prime factors of -1 + (w + -3)*9?
2, 11
Let f = -11 + 10. Let o = f + 1. Suppose w = -o*w + 10. What are the prime factors of w?
2, 5
Let x(a) = -a**3 - 6 + 0*a**3 - 2*a**2 - 7 + 8. List the prime factors of x(-5).
2, 5, 7
Suppose l + 388 = 5*l. What are the prime factors of l?
97
Let m = 1012 + -407. What are the prime factors of m?
5, 11
List the prime factors of 47936/36 - 80/(-180).
2, 3, 37
What are the prime factors of 5/(-2)*45936/(-72)?
5, 11, 29
Let n(k) = -k**2 + 14*k - 21. Let c be n(11). Suppose -c*q = -13*q + 99. What are the prime factors of q?
3, 11
Let o(b) = b**3 + 8*b**2 + 3*b - 6. Let n be o(-8). Let s be (0 - -1)/((-2)/n). Suppose -4*q + s = 3. List the prime factors of q.
3
Suppose -10530 = 11*g - 20*g. What are the prime factors of g?
2, 3, 5, 13
Let n be (16/(-8))/((-4)/6). Suppose -n = -z - 1. Suppose 2*w = -z*w + 8. What are the prime factors of w?
2
Suppose 7 + 19 = g. Suppose g = 9*w - 7*w. What are the prime factors of w?
13
Suppose -x = -4*x. Suppose 4*n + 54 = 5*u, x*n - 16 = -2*u - 4*n. Let s = 38 - u. List the prime factors of s.
2, 7
Let n be (-32)/(-14) + (-2)/7. Let f(b) = 21*b - 33. Let j be f(5). Suppose -4*l = -n*l - j. What are the prime factors of l?
2, 3
Let m(x) = x**3 - 2*x**2 - 2*x + 2. Let v be m(3). Suppose 4*j = -j + 800. Suppose -45 = v*t - j. List the prime factors of t.
23
Let v be 3/((-12)/4) - -6. Let q = 0 + v. Suppose 2*o = 4*h + q*o - 68, -34 = -3*h + 2*o. What are the prime factors of h?
2, 7
Let z(h) = -3*h + 154. What are the prime factors of z(-26)?
2, 29
Suppose s + 13*s - 1568 = 0. What are the prime factors of s?
2, 7
Let k(w) = 30 - 2*w + 1 - 56*w. What are the prime factors of k(-4)?
263
Let y = 2788 + -1928. List the prime factors of y.
2, 5, 43
Suppose 3*p - 6724 = 4*s - 1769, -2*p - 4*s = -3270. List the prime factors of p.
5, 7, 47
Suppose 0*q = -q + 8. Suppose -6*l + q = -4. List the prime factors of (-110)/(-12) + l/(-12).
3
Suppose -x = 3*x - 100. Let f = x + -16. What are the prime factors of f?
3
Let p be (-4)/(-10) + (-13)/(-5). Suppose -p*j = -5*o + o - 46, -2*j = o - 49. What are the prime factors of j?
2, 11
Let l = -411 + 2812. What are the prime factors of l?
7
Suppose 5*y + l + 0 + 55 = 0, 5*l + 55 = -3*y. List the prime factors of (y - -7)*145/(-3).
5, 29
Suppose -3*k + 2*j - j + 13 = 0, 2*k = 5*j. Suppose 0 = -k*i + 15 + 75. Let w = i - 0. List the prime factors of w.
2, 3
List the prime factors of 16/40*2*2710/4.
2, 271
Let j(b) be the first derivative of 39*b**2 - 7*b + 3. Let q be j(5). List the prime factors of q/11 + (-8)/(-44).
5, 7
Let j(p) = -p**2 + 16*p + 3. Let d be j(16). Suppose 0*n = -d*n + 6. List the prime factors of n.
2
Let c be 20/5 - (4 - 0). Suppose -9*q + 5*q + 48 = c. List the prime factors of q.
2, 3
Let f = 55 - 51. Suppose f*i - 5*v - 271 = 0, -2*i + 2*v + 205 = i. List the prime factors of i.
3, 23
Suppose -3*u + 5*u - 10 = 0, 0 = 5*b - 5*u + 10. Suppose 67 + 2 = b*z. What are the prime factors of z?
23
Suppose 3*h + 14 = 5*h. Suppose 25 = h*r - 2*r. Let m = -1 + r. List the prime factors of m.
2
Let v(b) = b**2 - 18*b - 18. Let i be v(17). List the prime factors of 60*(-7)/(i/2).
2, 3
Suppose x - 4*n + 18 = 3*x, 0 = -2*x - 2*n + 14. Suppose -4*h + 36 = -5*r, 4*r + 34 = -x*h + 3*h. Let u = r - -10. What are the prime factors of u?
2
Let y = 8 + 34. Let w = 84 - y. Suppose -g + 4*d = -w + 1, -2*d + 6 = 0. List the prime factors of g.
53
Suppose 3*v - 1 = 5*s + 16, -4*s - 24 = -5*v. Let l be v/((-14)/6 - -3). What are the prime factors of (-3)/(l/(-22))*1?
11
Let g(n) = -4*n - 40. Let z be g(-10). Suppose z = v + 9*v - 2270. List the prime factors of v.
227
Suppose 2777 = 10*w - 20083. List the prime factors of w.
2, 3, 127
Suppose -10*a + 35 = -3*a. Suppose -5*p - 525 = -a*r, -3*p - 250 - 271 = -5*r. List the prime factors of r.
103
Suppose 0 = 7*l - 8*l + t + 175, t = -2*l + 353. Suppose 2 + l = o. What are the prime factors of o?
2, 89
Suppose -4*k + 49 = -11. Let w be (24/k)/(4/10). Suppose 5*s - w = 2*m, 4*m + 3*s = s + 16. List the prime factors of m.
3
Let l(c) = -c**2 - 2*c + 11. Let w be l(-6). Let u = 29 + w. List the prime factors of u.
2
Suppose 6 - 14 = -4*n, 0 = 3*j + 3*n + 57. Let l = j - -47. Suppose t + l = y, -5*t + 41 = 5*y - 79. What are the prime factors of y?
5
Suppose 3*s - 935 = -2*s. Suppose -s + 49 = -3*b. What are the prime factors of b?
2, 23
Let d be 4/(-6)*(-15)/2. Suppose -33 = -d*j + 42. Suppose j + 11 = t. List the prime factors of t.
2, 13
Let r = 31 + -31. List the prime factors of -234*6/(-12) + (r - 0).
3, 13
Let s(h) = h**2 - 45*h + 40. Let o be s(25). Let t = o + 767. What are the prime factors of t?
307
Suppose -3*r + 116 = 4*c, 3*r + 2*c - 118 = -0*c. Suppose 3*z - 80 = r. List the prime factors of z.
2, 5
Suppose j = 17 + 7. Suppose u = -18 + j. Suppose -3*f + 2*q = -160, -u*f = -2*f + 3*q - 185. List the prime factors of f.
2, 5
Let c = 27 + -61. Let v = -27 - c. Suppose v*l = 4*l + 183. What are the prime factors of l?
61
Let u = 1234 - 555. List the prime factors of u.
7, 97
Let d = 5 + -19. Suppose -p = -9 - 23. Let z = d + p. List the prime factors of z.
2, 3
Let b(a) = -15*a**3 + 3*a**2 + 2*a - 2. Let u be b(-2). Let y = u - 67. What are the prime factors of y?
59
Let d(n) = 2*n**2 + 3*n + 3. Let p be (-8)/(-14) - (-90)/14. Suppose 11*t + 16 = p*t. List the prime factors of d(t).
23
Suppose 21*y - 26836 - 40595 = 0. What are the prime factors of y?
13, 19
Suppose -v + 18 = -t, 82 = 2*v + 2*v - 2*t. Suppose v*r - 29*r = -876. List the prime factors of r.
2, 73
List the prime factors of 3205 - (-2)/((-26)/143).
2, 1597
Suppose -15 = -2*u - 3*u. Suppose -u*r = -0*r - 216. What are the prime factors of r?
2, 3
Suppose -3*l - 1 + 33 = 5*r, 8 = -r + 3*l. Suppose r*t - 17 = -0*f + f, -5*f = -4*t + 5. List the prime factors of f.
3
Suppose -2*v + 17 = -v + o, 9 = v - 3*o. Let f be -5*(-6)/v + -9. List the prime factors of (-26)/(-3)*(-21)/f.
2, 13
Let m = 96 - 69. Let w(j) = j**2 + 14*j - 11. Let t be w(-12). Let i = m - t. What are the prime factors of i?
2, 31
Let z(n) = 8*n - 9. Let c = 46 - 30. Let k be (1/2)/(2/c). What are the prime factors of z(k)?
23
Let n = -22 - -18. Let x(k) be the first derivative of k**3/3 - 3*k**2 - 9*k - 1. What are the prime factors of x(n)?
31
Let c = -129 - -203. Suppose 0 = 3*u - 67 - c. List the prime factors of u.
47
Let p be (-4 + 7)*10/6. Suppose 2*h - 20 = 5*b, -p*b + 3*h + h - 30 = 0. List the prime factors of (17 + 2)*(-6)/b.
3, 19
Suppose 2*